{"id":3030,"date":"2016-01-27T13:05:04","date_gmt":"2016-01-27T13:05:04","guid":{"rendered":"http:\/\/www.studionorn.is\/verslun\/?page_id=3030"},"modified":"2016-01-27T13:05:12","modified_gmt":"2016-01-27T13:05:12","slug":"cart","status":"publish","type":"page","link":"https:\/\/www.studionorn.is\/verslun\/cart","title":{"rendered":"Karfa"},"content":{"rendered":"<div class=\"woocommerce\">\n<p class=\"cart-empty\">\n\tKarfan \u00fe\u00edn er t\u00f3m eins og stendur<\/p>\n\n\n<p class=\"return-to-shop\">\n\t<a class=\"button wc-backward\" href=\"https:\/\/www.studionorn.is\/verslun\/shop\">\n\t\tFara aftur \u00ed verslun\t<\/a>\n<\/p>\n<\/div>","protected":false},"excerpt":{"rendered":"","protected":false},"author":1,"featured_media":0,"parent":0,"menu_order":0,"comment_status":"closed","ping_status":"closed","template":"","meta":[],"_links":{"self":[{"href":"https:\/\/www.studionorn.is\/verslun\/wp-json\/wp\/v2\/pages\/3030"}],"collection":[{"href":"https:\/\/www.studionorn.is\/verslun\/wp-json\/wp\/v2\/pages"}],"about":[{"href":"https:\/\/www.studionorn.is\/verslun\/wp-json\/wp\/v2\/types\/page"}],"author":[{"embeddable":true,"href":"https:\/\/www.studionorn.is\/verslun\/wp-json\/wp\/v2\/users\/1"}],"replies":[{"embeddable":true,"href":"https:\/\/www.studionorn.is\/verslun\/wp-json\/wp\/v2\/comments?post=3030"}],"version-history":[{"count":2,"href":"https:\/\/www.studionorn.is\/verslun\/wp-json\/wp\/v2\/pages\/3030\/revisions"}],"predecessor-version":[{"id":3033,"href":"https:\/\/www.studionorn.is\/verslun\/wp-json\/wp\/v2\/pages\/3030\/revisions\/3033"}],"wp:attachment":[{"href":"https:\/\/www.studionorn.is\/verslun\/wp-json\/wp\/v2\/media?parent=3030"}],"curies":[{"name":"wp","href":"https:\/\/api.w.org\/{rel}","templated":true}]}}